{"id":3023,"date":"2018-12-30T09:37:18","date_gmt":"2018-12-30T08:37:18","guid":{"rendered":"https:\/\/johannes-fischer.net\/blog\/?page_id=3023"},"modified":"2018-12-30T09:39:48","modified_gmt":"2018-12-30T08:39:48","slug":"romananfang-24","status":"publish","type":"page","link":"https:\/\/johannes-fischer.net\/blog\/romananfang-24\/","title":{"rendered":"Romananfang 24"},"content":{"rendered":"<p>Ich befinde mich in einem B\u00fcro, umgeben von K\u00f6rpern und K\u00f6pfen. Meine Haltung kongruiert bewusst der Form des harten Stuhls, auf dem ich sitze. Es ist ein kaltes Zimmer, das zur Universit\u00e4tsverwaltung geh\u00f6rt, holzget\u00e4felt, remingtonbeh\u00e4ngt und doppelverglast gegen die Novemberhitze, durch das Empfangsareal drau\u00dfen von Verwaltungsger\u00e4uschen abgeschirmt. Dort wurden Onkel Charles, Mr de Lint und ich vorhin empfangen.<br \/>\nIch bin hier drin.<br \/>\nAuf der anderen Seite des Konferenztischs aus poliertem Kiefernholz, der im spinnf\u00e4digen Mittagslicht von Arizona gl\u00e4nzt, sch\u00e4len sich \u00fcber leichten Sommersakkos und halben Windsors drei Gesichter heraus. Sie geh\u00f6ren den drei Kommissionsleitern \u2013 Zulassung, Studiendekanat und Hochschulsport.<\/p>\n<p><em>Okay, das klingt nicht sehr weihnachtlich. Aber traditionell enth\u00e4lt das 24. T\u00fcrchen im Adventskalender immer die meiste Schokolade. Und entsprechend gewaltig ist auch das Buch, das sich hinter diesem Romananfang verbirgt. Wer diesen Blog \u2013 und damit ein paar meiner literarischen Vorlieben kennt \u2013 sollte nach diesem Hinweis leicht erraten k\u00f6nnen, welches Buch so beginnt und wer es geschrieben hat.<\/em><\/p>\n<p><a href=\"https:\/\/johannes-fischer.net\/blog\/romanfang-24-david-foster-wallace-unendlicher-spass\/\">Antwort&#8230;<\/a><\/p>\n<div class='sfsi_Sicons' style='width: 100%; display: inline-block; vertical-align: middle; text-align:left'><div style='margin:0px 8px 0px 0px; line-height: 24px'><span><\/span><\/div><div class='sfsi_socialwpr'><div class='sf_subscrbe' style='text-align:left;vertical-align: middle;float:left;width:64px'><a href=\"http:\/\/www.specificfeeds.com\/widgets\/emailSubscribeEncFeed\/Q0FJU2IrL21rdElzb0J1Mnd4UWp5M2JZMHQ5YXBNTW01ZnhPcUtDWnpWVFVEcEgvdGwvUHQ3R2lnWTEyVjh2WmFlaE1KbEw2YnBuZ3hRMFFqNEZoQWgyNFlqRGZydzNJZEFYS3VPMjhCZVNHbFNuNU5qbXI1OGNjeW8zb1dXVlh8aDdxZGtDYTZTaTNPNTZZcENLZXhwbkF0bTlJWFpwWitxQTAwdHRkU3VOdz0=\/OA==\/\" target=\"_blank\"><img decoding=\"async\" src=\"https:\/\/johannes-fischer.net\/blog\/wp-content\/plugins\/ultimate-social-media-icons\/images\/follow_subscribe.png\" alt=\"error\" \/><\/a><\/div><div class='sf_fb' style='text-align:left;vertical-align: middle;width:98px'><div class=\"fb-like\" data-href=\"https:\/\/johannes-fischer.net\/blog\/romananfang-24\/\" data-width=\"180\" data-send=\"false\" data-show-faces=\"false\"  data-action=\"like\" data-share=\"true\"data-layout=\"button\" ><\/div><\/div><div class='sf_twiter' style='text-align:left;float:left;vertical-align: middle;width:auto'><a href=\"http:\/\/twitter.com\/share\" data-count=\"none\" class=\"sr-twitter-button twitter-share-button\" lang=\"en\" data-url=\"https:\/\/johannes-fischer.net\/blog\/romananfang-24\/\" data-text=\"Romananfang 24\" ><\/a><\/div><\/div><\/div>","protected":false},"excerpt":{"rendered":"<p>Ich befinde mich in einem B\u00fcro, umgeben von K\u00f6rpern und K\u00f6pfen. Meine Haltung kongruiert bewusst der Form des harten Stuhls, auf dem ich sitze. Es ist ein kaltes Zimmer, das&hellip; <\/p>\n","protected":false},"author":1,"featured_media":0,"parent":0,"menu_order":0,"comment_status":"open","ping_status":"open","template":"","meta":{"footnotes":""},"_links":{"self":[{"href":"https:\/\/johannes-fischer.net\/blog\/wp-json\/wp\/v2\/pages\/3023"}],"collection":[{"href":"https:\/\/johannes-fischer.net\/blog\/wp-json\/wp\/v2\/pages"}],"about":[{"href":"https:\/\/johannes-fischer.net\/blog\/wp-json\/wp\/v2\/types\/page"}],"author":[{"embeddable":true,"href":"https:\/\/johannes-fischer.net\/blog\/wp-json\/wp\/v2\/users\/1"}],"replies":[{"embeddable":true,"href":"https:\/\/johannes-fischer.net\/blog\/wp-json\/wp\/v2\/comments?post=3023"}],"version-history":[{"count":2,"href":"https:\/\/johannes-fischer.net\/blog\/wp-json\/wp\/v2\/pages\/3023\/revisions"}],"predecessor-version":[{"id":3094,"href":"https:\/\/johannes-fischer.net\/blog\/wp-json\/wp\/v2\/pages\/3023\/revisions\/3094"}],"wp:attachment":[{"href":"https:\/\/johannes-fischer.net\/blog\/wp-json\/wp\/v2\/media?parent=3023"}],"curies":[{"name":"wp","href":"https:\/\/api.w.org\/{rel}","templated":true}]}}