{"id":2988,"date":"2018-12-30T09:16:54","date_gmt":"2018-12-30T08:16:54","guid":{"rendered":"https:\/\/johannes-fischer.net\/blog\/?page_id=2988"},"modified":"2019-01-06T16:53:49","modified_gmt":"2019-01-06T15:53:49","slug":"romananfang-15-zadie-smith-zaehne-zeigen","status":"publish","type":"page","link":"https:\/\/johannes-fischer.net\/blog\/romananfang-15-zadie-smith-zaehne-zeigen\/","title":{"rendered":"Romananfang 15 \u2013 Zadie Smith &#8220;Z\u00e4hne zeigen&#8221;"},"content":{"rendered":"<p>\u00dcber Selbstmord scherzt man nicht. Eigentlich. Aber Zadie Smith, 1975 in England als Tochter einer Jamaikanerin und eines Engl\u00e4nders geboren, macht es in ihrem Deb\u00fctroman <em>Z\u00e4hne zeigen<\/em> dennoch und sie macht es witzig und gut. Und schon der leichte ironische Ton, mit dem das Buch beginnt und mit dem der Selbstmordversuch von Archie Jones, einem 47-j\u00e4hrigen Engl\u00e4nder, geschildert wird, l\u00e4sst vermuten, dass es Jones nicht gelingen wird, seinen Neujahrsvorsatz in die Tat umzusetzen. Und tats\u00e4chlich \u2013 bevor Jones stirbt, greift Mo Hussein-Ishmael ein, der Besitzer der Fleischerei, vor der Archie sein Auto geparkt hat: \u201eAuf meinem Grund und Boden bringt sich keiner um &#8230; dazu haben wir keine Genehmigung. Der Ort hier ist halal. Koscher, kapiert?\u201c, erkl\u00e4rt er Jones und rettet ihm so das Leben. Die erste von vielen Begegnungen zwischen ganz unterschiedlichen Kulturen \u2013 am gleichen Tag lernt Jones zuf\u00e4llig die deutlich j\u00fcngere Clara Bowden kennen, eine ehemalige Zeugin Jehovas und \u201eim wahrsten Sinne des Wortes sch\u00f6n, nur, da sie schwarz war, vielleicht nicht gerade im klassischen Sinne. Clara Bowden war herrlich gro\u00df, schwarz wie schimmerndes Ebenholz, das Haar zu einem hufeisenf\u00f6rmigen Kranz geflochten, dessen Enden nach oben zeigten, wenn sie gl\u00fccklich war, und nach unten, wenn sie es nicht war.\u201c Schon bald nach ihrem Treffen am Neujahrstag 1976 heiraten die beiden.<\/p>\n<p>Au\u00dferdem trifft Archie seinen alten Freund Samal Iqbal wieder, mit dem er als junger Mann im Zweiten Weltkrieg gegen die Nazis gek\u00e4mpft hat. Samal Iqbal stammt aus Bangladesh, aber ist nach England gezogen, wo er und Archie sich fortan regelm\u00e4\u00dfig treffen und Erinnerungen austauschen.<\/p>\n<p>Archies zweite Ehe und das Wiedersehen mit Samal Iqbal bildet den Ausgangspunkt f\u00fcr eine Reihe ebenso komplizierter wie am\u00fcsanter multikultureller Begegnungen, die der Roman souver\u00e4n, l\u00e4ssig und mit viel Gesp\u00fcr f\u00fcr seine Figuren erz\u00e4hlt. Womit Zadie Smith zeigt, dass man ernste Themen lustig darstellen kann \u2013 wenn man es kann.<\/p>\n<p><img loading=\"lazy\" decoding=\"async\" class=\"alignnone size-full wp-image-2839\" src=\"https:\/\/johannes-fischer.net\/blog\/wp-content\/uploads\/2018\/12\/zadie-smith-zaehne-zeigen-cover.jpg\" alt=\"\" width=\"300\" height=\"456\" srcset=\"https:\/\/johannes-fischer.net\/blog\/wp-content\/uploads\/2018\/12\/zadie-smith-zaehne-zeigen-cover.jpg 300w, https:\/\/johannes-fischer.net\/blog\/wp-content\/uploads\/2018\/12\/zadie-smith-zaehne-zeigen-cover-197x300.jpg 197w\" sizes=\"(max-width: 300px) 100vw, 300px\" \/><br \/>\nZadie Smith, <em>Z\u00e4hne zeigen<\/em>. Die englische Originalausgabe erschien im Jahr 2000 unter dem Titel <em>White Teeth<\/em>, die deutsche \u00dcbersetzung 2001. Das Bild zeigt das Cover der 2010 bei Kiepenheuer &amp; Witsch erschienenen Ausgabe. Die \u00dcbersetzung stammt von Ulrike Wasel und Klaus Timmermann<\/p>\n<p><em>Z\u00e4hne zeigen<\/em> war der erste Roman von Zadie Smith und ein \u00fcberaus erfolgreiches Deb\u00fct. Als der Roman erschien, war Smith gerade einmal 24 Jahre alt und studierte am King\u2019s College an der Elite-Universit\u00e4t von Cambridge Englische Literatur. Obwohl als Autorin fast v\u00f6llig unbekannt war, soll ihr Verleger als Vorschuss f\u00fcr <em>White Teeth<\/em> 250.000 Pfund gezahlt haben. Das Vertrauen in Roman und Autorin war berechtigt: <em>White Teeth <\/em>avancierte schnell zu einem Bestseller, wurde in zahlreiche Sprachen \u00fcbersetzt, gewann zahlreiche renommierte Preise und machte Zadie Smith zu einem Star.<\/p>\n<p><em><strong>Zur Orientierung&#8230;<\/strong><\/em><\/p>\n<p>Dieser Artikel ist Teil eines Quiz&#8217; mit\/\u00fcber Romananf\u00e4nge. 24 Romananf\u00e4nge werden vorgestellt, wer will, kann versuchen, Titel und Autor\/Autorin des Romans zu erraten. Die Links f\u00fchren entweder direkt zum n\u00e4chsten Romananfang oder zu anderen Romananf\u00e4ngen.<\/p>\n<ul>\n<li>Weiter zu <a href=\"https:\/\/johannes-fischer.net\/blog\/romananfang-16\/\">Romananfang 16<\/a><\/li>\n<li><a href=\"https:\/\/johannes-fischer.net\/blog\/literaturquiz-romananfaenge-einleitung\/\">Literaturquiz Romananf\u00e4nge &#8211; Von Anfang an&#8230;<\/a><\/li>\n<li><a href=\"https:\/\/johannes-fischer.net\/blog\/romananfang-1\/\">Romananfang 1<\/a><\/li>\n<li><a href=\"https:\/\/johannes-fischer.net\/blog\/romananfang-2\/\">Romananfang 2<\/a><\/li>\n<li><a href=\"https:\/\/johannes-fischer.net\/blog\/romananfang-3\/\">Romananfang 3<\/a><\/li>\n<li><a href=\"https:\/\/johannes-fischer.net\/blog\/romananfang-4\/\">Romananfang 4<\/a><\/li>\n<li><a href=\"https:\/\/johannes-fischer.net\/blog\/romananfang-5\/\">Romananfang 5<\/a><\/li>\n<li><a href=\"https:\/\/johannes-fischer.net\/blog\/romananfang-6\/\">Romananfang 6<\/a><\/li>\n<li><a href=\"https:\/\/johannes-fischer.net\/blog\/romananfang-7\/\">Romananfang 7<\/a><\/li>\n<li><a href=\"https:\/\/johannes-fischer.net\/blog\/romananfang-8\/\">Romananfang 8<\/a><\/li>\n<li><a href=\"https:\/\/johannes-fischer.net\/blog\/romananfang-9\/\">Romananfang 9<\/a><\/li>\n<li><a href=\"https:\/\/johannes-fischer.net\/blog\/romananfang-10\">Romananfang 10<\/a><\/li>\n<li><a href=\"https:\/\/johannes-fischer.net\/blog\/romananfang-11\/\">Romananfang 11<\/a><\/li>\n<li><a href=\"https:\/\/johannes-fischer.net\/blog\/romananfang-12\/\">Romananfang 12<\/a><\/li>\n<li><a href=\"https:\/\/johannes-fischer.net\/blog\/romananfang-13\/\">Romananfang 13<\/a><\/li>\n<li><a href=\"https:\/\/johannes-fischer.net\/blog\/romananfang-14\">Romananfang 14<\/a><\/li>\n<li><a href=\"https:\/\/johannes-fischer.net\/blog\/romananfang-15\">Romananfang 15<\/a><\/li>\n<li><a href=\"https:\/\/johannes-fischer.net\/blog\/romananfang-16\/\">Romananfang 16<\/a><\/li>\n<li><a href=\"https:\/\/johannes-fischer.net\/blog\/romananfang-17\/\">Romananfang 17<\/a><\/li>\n<li><a href=\"https:\/\/johannes-fischer.net\/blog\/romananfang-18\/\">Romananfang 18<\/a><\/li>\n<li><a href=\"https:\/\/johannes-fischer.net\/blog\/romananfang-19\/\">Romananfang 19<\/a><\/li>\n<li><a href=\"https:\/\/johannes-fischer.net\/blog\/romananfang-20\/\">Romananfang 20<\/a><\/li>\n<li><a href=\"https:\/\/johannes-fischer.net\/blog\/romananfang-21\/\">Romananfang 21<\/a><\/li>\n<li><a href=\"https:\/\/johannes-fischer.net\/blog\/romananfang-22\/\">Romananfang 22<\/a><\/li>\n<li><a href=\"https:\/\/johannes-fischer.net\/blog\/romananfang-23\/\">Romananfang 23<\/a><\/li>\n<li><a href=\"https:\/\/johannes-fischer.net\/blog\/romananfang-24\/\">Romananfang 24<\/a><\/li>\n<\/ul>\n<div class='sfsi_Sicons' style='width: 100%; display: inline-block; vertical-align: middle; text-align:left'><div style='margin:0px 8px 0px 0px; line-height: 24px'><span><\/span><\/div><div class='sfsi_socialwpr'><div class='sf_subscrbe' style='text-align:left;vertical-align: middle;float:left;width:64px'><a href=\"http:\/\/www.specificfeeds.com\/widgets\/emailSubscribeEncFeed\/Q0FJU2IrL21rdElzb0J1Mnd4UWp5M2JZMHQ5YXBNTW01ZnhPcUtDWnpWVFVEcEgvdGwvUHQ3R2lnWTEyVjh2WmFlaE1KbEw2YnBuZ3hRMFFqNEZoQWgyNFlqRGZydzNJZEFYS3VPMjhCZVNHbFNuNU5qbXI1OGNjeW8zb1dXVlh8aDdxZGtDYTZTaTNPNTZZcENLZXhwbkF0bTlJWFpwWitxQTAwdHRkU3VOdz0=\/OA==\/\" target=\"_blank\"><img decoding=\"async\" src=\"https:\/\/johannes-fischer.net\/blog\/wp-content\/plugins\/ultimate-social-media-icons\/images\/follow_subscribe.png\" alt=\"error\" \/><\/a><\/div><div class='sf_fb' style='text-align:left;vertical-align: middle;width:98px'><div class=\"fb-like\" data-href=\"https:\/\/johannes-fischer.net\/blog\/romananfang-15-zadie-smith-zaehne-zeigen\/\" data-width=\"180\" data-send=\"false\" data-show-faces=\"false\"  data-action=\"like\" data-share=\"true\"data-layout=\"button\" ><\/div><\/div><div class='sf_twiter' style='text-align:left;float:left;vertical-align: middle;width:auto'><a href=\"http:\/\/twitter.com\/share\" data-count=\"none\" class=\"sr-twitter-button twitter-share-button\" lang=\"en\" data-url=\"https:\/\/johannes-fischer.net\/blog\/romananfang-15-zadie-smith-zaehne-zeigen\/\" data-text=\"Romananfang 15 \u2013 Zadie Smith &#8220;Z\u00e4hne zeigen&#8221;\" ><\/a><\/div><\/div><\/div>","protected":false},"excerpt":{"rendered":"<p>\u00dcber Selbstmord scherzt man nicht. Eigentlich. Aber Zadie Smith, 1975 in England als Tochter einer Jamaikanerin und eines Engl\u00e4nders geboren, macht es in ihrem Deb\u00fctroman Z\u00e4hne zeigen dennoch und sie&hellip; <\/p>\n","protected":false},"author":1,"featured_media":0,"parent":0,"menu_order":0,"comment_status":"open","ping_status":"open","template":"","meta":{"footnotes":""},"_links":{"self":[{"href":"https:\/\/johannes-fischer.net\/blog\/wp-json\/wp\/v2\/pages\/2988"}],"collection":[{"href":"https:\/\/johannes-fischer.net\/blog\/wp-json\/wp\/v2\/pages"}],"about":[{"href":"https:\/\/johannes-fischer.net\/blog\/wp-json\/wp\/v2\/types\/page"}],"author":[{"embeddable":true,"href":"https:\/\/johannes-fischer.net\/blog\/wp-json\/wp\/v2\/users\/1"}],"replies":[{"embeddable":true,"href":"https:\/\/johannes-fischer.net\/blog\/wp-json\/wp\/v2\/comments?post=2988"}],"version-history":[{"count":6,"href":"https:\/\/johannes-fischer.net\/blog\/wp-json\/wp\/v2\/pages\/2988\/revisions"}],"predecessor-version":[{"id":3185,"href":"https:\/\/johannes-fischer.net\/blog\/wp-json\/wp\/v2\/pages\/2988\/revisions\/3185"}],"wp:attachment":[{"href":"https:\/\/johannes-fischer.net\/blog\/wp-json\/wp\/v2\/media?parent=2988"}],"curies":[{"name":"wp","href":"https:\/\/api.w.org\/{rel}","templated":true}]}}