{"id":2955,"date":"2018-12-30T08:45:01","date_gmt":"2018-12-30T07:45:01","guid":{"rendered":"https:\/\/johannes-fischer.net\/blog\/?page_id=2955"},"modified":"2019-01-06T17:36:06","modified_gmt":"2019-01-06T16:36:06","slug":"romanfang-7-esme-lammers-lang-lebe-die-koenigin","status":"publish","type":"page","link":"https:\/\/johannes-fischer.net\/blog\/romanfang-7-esme-lammers-lang-lebe-die-koenigin\/","title":{"rendered":"Romananfang 7 \u2013 Esm\u00e9 Lammers, &#8220;Lang lebe die K\u00f6nigin&#8221;"},"content":{"rendered":"<p>So beginnt der Roman <em>Lang lebe die K\u00f6nigin<\/em> der holl\u00e4ndischen Autorin Esm\u00e9 Lammers, eigentlich ein Buch f\u00fcr Kinder und Jugendliche, aber zugleich eine der sch\u00f6nsten Erz\u00e4hlungen \u00fcber Schach, die ich je gelesen habe. Ja, ich kenne keinen Roman, der den eigenartigen Zauber des Schachspiels so gut einf\u00e4ngt wie <em>Lang lebe die K\u00f6nigin<\/em>.<\/p>\n<p>Hauptfigur des Buches ist die 8-j\u00e4hrige Sara, die bei ihrer Mutter und ihrem Gro\u00dfvater wohnt, ihren Vater kennt sie nicht. Wie der Anfang des Romans zeigt, leidet sie darunter, und der Anfang des Romans zeigt auch, dass Sara in der Schule Probleme hat, mit ihren Mitsch\u00fclerinnen und mit dem Lehrstoff. Doch eines Tages kauft sie ein altes, sch\u00f6nes und geheimnisvolles Schachspiel und stellt schnell fest, dass sie mit den Figuren sprechen kann. Sie wird Teil des Spiels \u2013 und schon bald wird in ihrem Leben alles besser.<\/p>\n<figure class=\"wp-block-image\"><img loading=\"lazy\" decoding=\"async\" width=\"336\" height=\"500\" class=\"wp-image-2685\" src=\"https:\/\/johannes-fischer.net\/blog\/wp-content\/uploads\/2018\/12\/lang-lebe-die-koenigin.jpg\" sizes=\"(max-width: 336px) 100vw, 336px\" srcset=\"https:\/\/johannes-fischer.net\/blog\/wp-content\/uploads\/2018\/12\/lang-lebe-die-koenigin.jpg 336w, https:\/\/johannes-fischer.net\/blog\/wp-content\/uploads\/2018\/12\/lang-lebe-die-koenigin-202x300.jpg 202w\" alt=\"\" \/><\/figure>\n<p><em>Esm\u00e9 Lammers, Lang lebe die K\u00f6nigin, Verlag Freies Geistesleben 2004, aus dem Niederl\u00e4ndischen \u00fcbersetzt von Beate und Arnica Esterl, mit Illustrationen von Annemarie von Haeringen.<\/em><\/p>\n<p>Die holl\u00e4ndische Originalausgabe erschien 1997 unter dem Titel <em>Lang leve de Koningin<\/em> im Uitgeverij Leopold Verlag in Amsterdam und basiert auf dem gleichnamigen Film, den Esm\u00e9 Lammers 1995 gedreht hatte. Das Buch war Max Euwe gewidmet, Esm\u00e9 Lammers Gro\u00dfvater und fr\u00fcher einer der st\u00e4rksten Schachspieler der Welt.<\/p>\n<p>Euwe war von 1935 bis 1937 Schachweltmeister und von 1970 bis 1978 Pr\u00e4sident des Weltschachverbands FIDE. Er schrieb er im Laufe seiner Karriere zahlreiche erfolgreiche Lehrb\u00fccher, die viel f\u00fcr die Verbreitung des Schachs getan haben, aber blieb bei all seinen Erfolgen im Schach doch Zeit seines Lebens Amateur. Er arbeitete zun\u00e4chst als Mathematiklehrer, sp\u00e4ter dann als Professor f\u00fcr Kybernetik. Verheiratet war er mit Carolina E. Bergmann, das Paar hatte drei Kinder.<\/p>\n<p><em><strong>Zur Orientierung&#8230;<\/strong><\/em><\/p>\n<p>Dieser Artikel ist Teil eines Quiz&#8217; mit\/\u00fcber Romananf\u00e4nge. 24 Romananf\u00e4nge werden vorgestellt, wer will, kann versuchen, Titel und Autor\/Autorin des Romans zu erraten. Die Links f\u00fchren entweder direkt zum n\u00e4chsten Romananfang oder zu anderen Romananf\u00e4ngen.<\/p>\n<ul>\n<li>Weiter zu <a href=\"https:\/\/johannes-fischer.net\/blog\/romananfang-8\/\">Romananfang 8<\/a><\/li>\n<li><a href=\"https:\/\/johannes-fischer.net\/blog\/literaturquiz-romananfaenge-einleitung\/\">Literaturquiz Romananf\u00e4nge &#8211; Von Anfang an&#8230;<\/a><\/li>\n<li><a href=\"https:\/\/johannes-fischer.net\/blog\/romananfang-1\/\">Romananfang 1<\/a><\/li>\n<li><a href=\"https:\/\/johannes-fischer.net\/blog\/romananfang-2\/\">Romananfang 2<\/a><\/li>\n<li><a href=\"https:\/\/johannes-fischer.net\/blog\/romananfang-3\/\">Romananfang 3<\/a><\/li>\n<li><a href=\"https:\/\/johannes-fischer.net\/blog\/romananfang-4\/\">Romananfang 4<\/a><\/li>\n<li><a href=\"https:\/\/johannes-fischer.net\/blog\/romananfang-5\/\">Romananfang 5<\/a><\/li>\n<li><a href=\"https:\/\/johannes-fischer.net\/blog\/romananfang-6\/\">Romananfang 6<\/a><\/li>\n<li><a href=\"https:\/\/johannes-fischer.net\/blog\/romananfang-7\/\">Romananfang 7<\/a><\/li>\n<li><a href=\"https:\/\/johannes-fischer.net\/blog\/romananfang-8\/\">Romananfang 8<\/a><\/li>\n<li><a href=\"https:\/\/johannes-fischer.net\/blog\/romananfang-9\/\">Romananfang 9<\/a><\/li>\n<li><a href=\"https:\/\/johannes-fischer.net\/blog\/romananfang-10\">Romananfang 10<\/a><\/li>\n<li><a href=\"https:\/\/johannes-fischer.net\/blog\/romananfang-11\/\">Romananfang 11<\/a><\/li>\n<li><a href=\"https:\/\/johannes-fischer.net\/blog\/romananfang-12\/\">Romananfang 12<\/a><\/li>\n<li><a href=\"https:\/\/johannes-fischer.net\/blog\/romananfang-13\/\">Romananfang 13<\/a><\/li>\n<li><a href=\"https:\/\/johannes-fischer.net\/blog\/romananfang-14\">Romananfang 14<\/a><\/li>\n<li><a href=\"https:\/\/johannes-fischer.net\/blog\/romananfang-15\">Romananfang 15<\/a><\/li>\n<li><a href=\"https:\/\/johannes-fischer.net\/blog\/romananfang-16\/\">Romananfang 16<\/a><\/li>\n<li><a href=\"https:\/\/johannes-fischer.net\/blog\/romananfang-17\/\">Romananfang 17<\/a><\/li>\n<li><a href=\"https:\/\/johannes-fischer.net\/blog\/romananfang-18\/\">Romananfang 18<\/a><\/li>\n<li><a href=\"https:\/\/johannes-fischer.net\/blog\/romananfang-19\/\">Romananfang 19<\/a><\/li>\n<li><a href=\"https:\/\/johannes-fischer.net\/blog\/romananfang-20\/\">Romananfang 20<\/a><\/li>\n<li><a href=\"https:\/\/johannes-fischer.net\/blog\/romananfang-21\/\">Romananfang 21<\/a><\/li>\n<li><a href=\"https:\/\/johannes-fischer.net\/blog\/romananfang-22\/\">Romananfang 22<\/a><\/li>\n<li><a href=\"https:\/\/johannes-fischer.net\/blog\/romananfang-23\/\">Romananfang 23<\/a><\/li>\n<li><a href=\"https:\/\/johannes-fischer.net\/blog\/romananfang-24\/\">Romananfang 24<\/a><\/li>\n<\/ul>\n<p><strong>Siehe auch:<\/strong><\/p>\n<ul>\n<li><a href=\"https:\/\/johannes-fischer.net\/blog\/2015\/07\/18\/auf-das-dach-locken\/\">Auf das Dach locken\u2026<\/a><\/li>\n<li><a href=\"https:\/\/johannes-fischer.net\/blog\/2017\/10\/03\/hart-umkaempft-der-wettkampf-euwe-gegen-keres-1940\/\">Hart umk\u00e4mpft: Der Wettkampf Euwe gegen Keres<\/a><\/li>\n<\/ul>\n<div class='sfsi_Sicons' style='width: 100%; display: inline-block; vertical-align: middle; text-align:left'><div style='margin:0px 8px 0px 0px; line-height: 24px'><span><\/span><\/div><div class='sfsi_socialwpr'><div class='sf_subscrbe' style='text-align:left;vertical-align: middle;float:left;width:64px'><a href=\"http:\/\/www.specificfeeds.com\/widgets\/emailSubscribeEncFeed\/Q0FJU2IrL21rdElzb0J1Mnd4UWp5M2JZMHQ5YXBNTW01ZnhPcUtDWnpWVFVEcEgvdGwvUHQ3R2lnWTEyVjh2WmFlaE1KbEw2YnBuZ3hRMFFqNEZoQWgyNFlqRGZydzNJZEFYS3VPMjhCZVNHbFNuNU5qbXI1OGNjeW8zb1dXVlh8aDdxZGtDYTZTaTNPNTZZcENLZXhwbkF0bTlJWFpwWitxQTAwdHRkU3VOdz0=\/OA==\/\" target=\"_blank\"><img decoding=\"async\" src=\"https:\/\/johannes-fischer.net\/blog\/wp-content\/plugins\/ultimate-social-media-icons\/images\/follow_subscribe.png\" alt=\"error\" \/><\/a><\/div><div class='sf_fb' style='text-align:left;vertical-align: middle;width:98px'><div class=\"fb-like\" data-href=\"https:\/\/johannes-fischer.net\/blog\/romanfang-7-esme-lammers-lang-lebe-die-koenigin\/\" data-width=\"180\" data-send=\"false\" data-show-faces=\"false\"  data-action=\"like\" data-share=\"true\"data-layout=\"button\" ><\/div><\/div><div class='sf_twiter' style='text-align:left;float:left;vertical-align: middle;width:auto'><a href=\"http:\/\/twitter.com\/share\" data-count=\"none\" class=\"sr-twitter-button twitter-share-button\" lang=\"en\" data-url=\"https:\/\/johannes-fischer.net\/blog\/romanfang-7-esme-lammers-lang-lebe-die-koenigin\/\" data-text=\"Romananfang 7 \u2013 Esm\u00e9 Lammers, &#8220;Lang lebe die K\u00f6nigin&#8221;\" ><\/a><\/div><\/div><\/div>","protected":false},"excerpt":{"rendered":"<p>So beginnt der Roman Lang lebe die K\u00f6nigin der holl\u00e4ndischen Autorin Esm\u00e9 Lammers, eigentlich ein Buch f\u00fcr Kinder und Jugendliche, aber zugleich eine der sch\u00f6nsten Erz\u00e4hlungen \u00fcber Schach, die ich&hellip; <\/p>\n","protected":false},"author":1,"featured_media":0,"parent":0,"menu_order":0,"comment_status":"open","ping_status":"open","template":"","meta":{"footnotes":""},"_links":{"self":[{"href":"https:\/\/johannes-fischer.net\/blog\/wp-json\/wp\/v2\/pages\/2955"}],"collection":[{"href":"https:\/\/johannes-fischer.net\/blog\/wp-json\/wp\/v2\/pages"}],"about":[{"href":"https:\/\/johannes-fischer.net\/blog\/wp-json\/wp\/v2\/types\/page"}],"author":[{"embeddable":true,"href":"https:\/\/johannes-fischer.net\/blog\/wp-json\/wp\/v2\/users\/1"}],"replies":[{"embeddable":true,"href":"https:\/\/johannes-fischer.net\/blog\/wp-json\/wp\/v2\/comments?post=2955"}],"version-history":[{"count":7,"href":"https:\/\/johannes-fischer.net\/blog\/wp-json\/wp\/v2\/pages\/2955\/revisions"}],"predecessor-version":[{"id":3201,"href":"https:\/\/johannes-fischer.net\/blog\/wp-json\/wp\/v2\/pages\/2955\/revisions\/3201"}],"wp:attachment":[{"href":"https:\/\/johannes-fischer.net\/blog\/wp-json\/wp\/v2\/media?parent=2955"}],"curies":[{"name":"wp","href":"https:\/\/api.w.org\/{rel}","templated":true}]}}