{"id":2947,"date":"2018-12-30T08:32:46","date_gmt":"2018-12-30T07:32:46","guid":{"rendered":"https:\/\/johannes-fischer.net\/blog\/?page_id=2947"},"modified":"2019-01-06T17:35:02","modified_gmt":"2019-01-06T16:35:02","slug":"romananfang-5-w-g-sebald-austerlitz","status":"publish","type":"page","link":"https:\/\/johannes-fischer.net\/blog\/romananfang-5-w-g-sebald-austerlitz\/","title":{"rendered":"Romananfang 5 \u2013 W.G. Sebald, &#8220;Austerlitz&#8221;"},"content":{"rendered":"<p><em>Austerlitz<\/em> von W.G. Sebald erz\u00e4hlt die Lebensgeschichte des fiktiven Kunstwissenschaftlers Jacques Austerlitz, und er erz\u00e4hlt, wie der Titelheld seine Lebensgeschichte erz\u00e4hlt und erforscht. Wie Geschichte geschrieben und erinnert wird ist ein zentrales Thema des Romans.<\/p>\n<p>Austerlitz, die Titelfigur, wurde 1934 in Prag geboren, beide Eltern fielen den Nationalsozialisten zum Opfer, ihr genaues Schicksal bleibt jedoch unbekannt. Die Mutter kam 1942 ins Konzentrationslager Theresienstadt und wurde von dort aus 1944 in ein Konzentrationslager im Osten verschleppt und ermordet. Von seinem Vater wei\u00df Austerlitz, dass er in einem Lager in den Pyren\u00e4en interniert war, danach verliert sich seine Spur. Austerlitz selbst hat \u00fcberlebt, weil ihn seine Mutter 1939 mit einem Kindertransport von Prag nach England geschickt hat.<\/p>\n<p>In England kam Austerlitz zu einer Pflegefamilie, in der er ungl\u00fccklich war. \u00dcber seine Herkunft wei\u00df er kaum etwas, bis er sich eines Tages, nach einer pl\u00f6tzlichen Eingebung, auf Spurensuche begibt, und anf\u00e4ngt, seine Geschichte und die Geschichte seiner Eltern und Vorfahren zu erforschen.<\/p>\n<p>Der Ich-Erz\u00e4hler und Austerlitz sind sich das erste Mal 1967, kurz nach der zu Beginn des Romans beschriebenen Bahnfahrt nach Belgien, zuf\u00e4llig auf dem Bahnhof von Antwerpen begegnet, und bis zum endg\u00fcltigen Verschwinden von Austerlitz treffen sich die beiden auch in den n\u00e4chsten fast 30 Jahren immer wieder in verschiedenen europ\u00e4ischen St\u00e4dten, zuf\u00e4llig und gezielt, und bei diesen Treffen erz\u00e4hlt Austerlitz seine Geschichte, deren Grauen und Tragik sich so im Laufe des Buches Schritt f\u00fcr Schritt enth\u00fcllt.<\/p>\n<p>Schon in den ersten S\u00e4tzen, mit denen der Roman beginnt, f\u00e4llt das eigenwillige, stilistisch brillante Deutsch, in dem Sebald schreibt, ins Auge, seine langen, melancholischen S\u00e4tze, die eine eigenartige Spannung erzeugen und einen faszinierenden Sog aus\u00fcben, wobei dieser sprachliche Rhythmus voller Einsch\u00fcbe mit immer neuen Fakten und Erg\u00e4nzungen zu der Art passt, wie Austerlitz versucht, die Einzelheiten der eigenen Lebensgeschichte St\u00fcck f\u00fcr St\u00fcck zu rekonstruieren, in Erinnerung zu rufen und zu erz\u00e4hlen.<\/p>\n<p><em>Austerlitz<\/em> erschien 2001 und war das letzte Buch von Sebald, der am 14. Mai in Wertach im Allg\u00e4u geboren wurde, 1966 nach England emigrierte, wo er 1967 seine Freundin aus der Schulzeit heiratete und 1988 nach einer akademischen Karriere schlie\u00dflich Professor f\u00fcr Neuere Deutsche Literatur an der <em>University of East Anglia<\/em> in Norfolk wurde. Sebald starb am 14. Dezember 2001, nachdem er bei einer Autofahrt einen Herzinfarkt erlitten hatte.<\/p>\n<p>2015 kam Austerlitz auf Platz 14 der <a href=\"https:\/\/de.wikipedia.org\/wiki\/BBC-Auswahl_der_20_besten_Romane_von_2000_bis_2014\">BBC-Rangliste der 20 besten Romane, die zwischen 2000 und 2014 erschienen sind<\/a>.<\/p>\n<p><img loading=\"lazy\" decoding=\"async\" class=\"alignnone size-full wp-image-2652\" src=\"https:\/\/johannes-fischer.net\/blog\/wp-content\/uploads\/2018\/12\/sebald-austerlitz.jpg\" sizes=\"(max-width: 317px) 100vw, 317px\" srcset=\"https:\/\/johannes-fischer.net\/blog\/wp-content\/uploads\/2018\/12\/sebald-austerlitz.jpg 317w, https:\/\/johannes-fischer.net\/blog\/wp-content\/uploads\/2018\/12\/sebald-austerlitz-190x300.jpg 190w\" alt=\"\" width=\"317\" height=\"500\" \/><br \/>\nW. G. Sebald, <em>Austerlitz<\/em>, <a href=\"https:\/\/www.hanser.de\/\">Hanser<\/a> 2001<\/p>\n<ul>\n<li><em><strong>Zur Orientierung&#8230;<\/strong><\/em>\n<p>Dieser Artikel ist Teil eines Quiz&#8217; mit\/\u00fcber Romananf\u00e4nge. 24 Romananf\u00e4nge werden vorgestellt, wer will, kann versuchen, Titel und Autor\/Autorin des Romans zu erraten. Die Links f\u00fchren entweder direkt zum n\u00e4chsten Romananfang oder zu anderen Romananf\u00e4ngen.<\/p>\n<ul>\n<li>Weiter zu <a href=\"https:\/\/johannes-fischer.net\/blog\/romananfang-6\/\">Romananfang 6<\/a><\/li>\n<li><a href=\"https:\/\/johannes-fischer.net\/blog\/literaturquiz-romananfaenge-einleitung\/\">Literaturquiz Romananf\u00e4nge &#8211; Von Anfang an&#8230;<\/a><\/li>\n<li><a href=\"https:\/\/johannes-fischer.net\/blog\/romananfang-1\/\">Romananfang 1<\/a><\/li>\n<li><a href=\"https:\/\/johannes-fischer.net\/blog\/romananfang-2\/\">Romananfang 2<\/a><\/li>\n<li><a href=\"https:\/\/johannes-fischer.net\/blog\/romananfang-3\/\">Romananfang 3<\/a><\/li>\n<li><a href=\"https:\/\/johannes-fischer.net\/blog\/romananfang-4\/\">Romananfang 4<\/a><\/li>\n<li><a href=\"https:\/\/johannes-fischer.net\/blog\/romananfang-5\/\">Romananfang 5<\/a><\/li>\n<li><a href=\"https:\/\/johannes-fischer.net\/blog\/romananfang-6\/\">Romananfang 6<\/a><\/li>\n<li><a href=\"https:\/\/johannes-fischer.net\/blog\/romananfang-7\/\">Romananfang 7<\/a><\/li>\n<li><a href=\"https:\/\/johannes-fischer.net\/blog\/romananfang-8\/\">Romananfang 8<\/a><\/li>\n<li><a href=\"https:\/\/johannes-fischer.net\/blog\/romananfang-9\/\">Romananfang 9<\/a><\/li>\n<li><a href=\"https:\/\/johannes-fischer.net\/blog\/romananfang-10\">Romananfang 10<\/a><\/li>\n<li><a href=\"https:\/\/johannes-fischer.net\/blog\/romananfang-11\/\">Romananfang 11<\/a><\/li>\n<li><a href=\"https:\/\/johannes-fischer.net\/blog\/romananfang-12\/\">Romananfang 12<\/a><\/li>\n<li><a href=\"https:\/\/johannes-fischer.net\/blog\/romananfang-13\/\">Romananfang 13<\/a><\/li>\n<li><a href=\"https:\/\/johannes-fischer.net\/blog\/romananfang-14\">Romananfang 14<\/a><\/li>\n<li><a href=\"https:\/\/johannes-fischer.net\/blog\/romananfang-15\">Romananfang 15<\/a><\/li>\n<li><a href=\"https:\/\/johannes-fischer.net\/blog\/romananfang-16\/\">Romananfang 16<\/a><\/li>\n<li><a href=\"https:\/\/johannes-fischer.net\/blog\/romananfang-17\/\">Romananfang 17<\/a><\/li>\n<li><a href=\"https:\/\/johannes-fischer.net\/blog\/romananfang-18\/\">Romananfang 18<\/a><\/li>\n<li><a href=\"https:\/\/johannes-fischer.net\/blog\/romananfang-19\/\">Romananfang 19<\/a><\/li>\n<li><a href=\"https:\/\/johannes-fischer.net\/blog\/romananfang-20\/\">Romananfang 20<\/a><\/li>\n<li><a href=\"https:\/\/johannes-fischer.net\/blog\/romananfang-21\/\">Romananfang 21<\/a><\/li>\n<li><a href=\"https:\/\/johannes-fischer.net\/blog\/romananfang-22\/\">Romananfang 22<\/a><\/li>\n<li><a href=\"https:\/\/johannes-fischer.net\/blog\/romananfang-23\/\">Romananfang 23<\/a><\/li>\n<li><a href=\"https:\/\/johannes-fischer.net\/blog\/romananfang-24\/\">Romananfang 24<\/a><\/li>\n<\/ul>\n<\/li>\n<\/ul>\n<div class='sfsi_Sicons' style='width: 100%; display: inline-block; vertical-align: middle; text-align:left'><div style='margin:0px 8px 0px 0px; line-height: 24px'><span><\/span><\/div><div class='sfsi_socialwpr'><div class='sf_subscrbe' style='text-align:left;vertical-align: middle;float:left;width:64px'><a href=\"http:\/\/www.specificfeeds.com\/widgets\/emailSubscribeEncFeed\/Q0FJU2IrL21rdElzb0J1Mnd4UWp5M2JZMHQ5YXBNTW01ZnhPcUtDWnpWVFVEcEgvdGwvUHQ3R2lnWTEyVjh2WmFlaE1KbEw2YnBuZ3hRMFFqNEZoQWgyNFlqRGZydzNJZEFYS3VPMjhCZVNHbFNuNU5qbXI1OGNjeW8zb1dXVlh8aDdxZGtDYTZTaTNPNTZZcENLZXhwbkF0bTlJWFpwWitxQTAwdHRkU3VOdz0=\/OA==\/\" target=\"_blank\"><img decoding=\"async\" src=\"https:\/\/johannes-fischer.net\/blog\/wp-content\/plugins\/ultimate-social-media-icons\/images\/follow_subscribe.png\" alt=\"error\" \/><\/a><\/div><div class='sf_fb' style='text-align:left;vertical-align: middle;width:98px'><div class=\"fb-like\" data-href=\"https:\/\/johannes-fischer.net\/blog\/romananfang-5-w-g-sebald-austerlitz\/\" data-width=\"180\" data-send=\"false\" data-show-faces=\"false\"  data-action=\"like\" data-share=\"true\"data-layout=\"button\" ><\/div><\/div><div class='sf_twiter' style='text-align:left;float:left;vertical-align: middle;width:auto'><a href=\"http:\/\/twitter.com\/share\" data-count=\"none\" class=\"sr-twitter-button twitter-share-button\" lang=\"en\" data-url=\"https:\/\/johannes-fischer.net\/blog\/romananfang-5-w-g-sebald-austerlitz\/\" data-text=\"Romananfang 5 \u2013 W.G. Sebald, &#8220;Austerlitz&#8221;\" ><\/a><\/div><\/div><\/div>","protected":false},"excerpt":{"rendered":"<p>Austerlitz von W.G. Sebald erz\u00e4hlt die Lebensgeschichte des fiktiven Kunstwissenschaftlers Jacques Austerlitz, und er erz\u00e4hlt, wie der Titelheld seine Lebensgeschichte erz\u00e4hlt und erforscht. Wie Geschichte geschrieben und erinnert wird ist&hellip; <\/p>\n","protected":false},"author":1,"featured_media":0,"parent":0,"menu_order":0,"comment_status":"open","ping_status":"open","template":"","meta":{"footnotes":""},"_links":{"self":[{"href":"https:\/\/johannes-fischer.net\/blog\/wp-json\/wp\/v2\/pages\/2947"}],"collection":[{"href":"https:\/\/johannes-fischer.net\/blog\/wp-json\/wp\/v2\/pages"}],"about":[{"href":"https:\/\/johannes-fischer.net\/blog\/wp-json\/wp\/v2\/types\/page"}],"author":[{"embeddable":true,"href":"https:\/\/johannes-fischer.net\/blog\/wp-json\/wp\/v2\/users\/1"}],"replies":[{"embeddable":true,"href":"https:\/\/johannes-fischer.net\/blog\/wp-json\/wp\/v2\/comments?post=2947"}],"version-history":[{"count":5,"href":"https:\/\/johannes-fischer.net\/blog\/wp-json\/wp\/v2\/pages\/2947\/revisions"}],"predecessor-version":[{"id":3200,"href":"https:\/\/johannes-fischer.net\/blog\/wp-json\/wp\/v2\/pages\/2947\/revisions\/3200"}],"wp:attachment":[{"href":"https:\/\/johannes-fischer.net\/blog\/wp-json\/wp\/v2\/media?parent=2947"}],"curies":[{"name":"wp","href":"https:\/\/api.w.org\/{rel}","templated":true}]}}

<p><em>Austerlitz</em> von W.G. Sebald erzählt die Lebensgeschichte des fiktiven Kunstwissenschaftlers Jacques Austerlitz, und er erzählt, wie der Titelheld seine Lebensgeschichte erzählt und erforscht. Wie Geschichte geschrieben und erinnert wird ist ein zentrales Thema des Romans.</p>
<p>Austerlitz, die Titelfigur, wurde 1934 in Prag geboren, beide Eltern fielen den Nationalsozialisten zum Opfer, ihr genaues Schicksal bleibt jedoch unbekannt. Die Mutter kam 1942 ins Konzentrationslager Theresienstadt und wurde von dort aus 1944 in ein Konzentrationslager im Osten verschleppt und ermordet. Von seinem Vater weiß Austerlitz, dass er in einem Lager in den Pyrenäen interniert war, danach verliert sich seine Spur. Austerlitz selbst hat überlebt, weil ihn seine Mutter 1939 mit einem Kindertransport von Prag nach England geschickt hat.</p>
<p>In England kam Austerlitz zu einer Pflegefamilie, in der er unglücklich war. Über seine Herkunft weiß er kaum etwas, bis er sich eines Tages, nach einer plötzlichen Eingebung, auf Spurensuche begibt, und anfängt, seine Geschichte und die Geschichte seiner Eltern und Vorfahren zu erforschen.</p>
<p>Der Ich-Erzähler und Austerlitz sind sich das erste Mal 1967, kurz nach der zu Beginn des Romans beschriebenen Bahnfahrt nach Belgien, zufällig auf dem Bahnhof von Antwerpen begegnet, und bis zum endgültigen Verschwinden von Austerlitz treffen sich die beiden auch in den nächsten fast 30 Jahren immer wieder in verschiedenen europäischen Städten, zufällig und gezielt, und bei diesen Treffen erzählt Austerlitz seine Geschichte, deren Grauen und Tragik sich so im Laufe des Buches Schritt für Schritt enthüllt.</p>
<p>Schon in den ersten Sätzen, mit denen der Roman beginnt, fällt das eigenwillige, stilistisch brillante Deutsch, in dem Sebald schreibt, ins Auge, seine langen, melancholischen Sätze, die eine eigenartige Spannung erzeugen und einen faszinierenden Sog ausüben, wobei dieser sprachliche Rhythmus voller Einschübe mit immer neuen Fakten und Ergänzungen zu der Art passt, wie Austerlitz versucht, die Einzelheiten der eigenen Lebensgeschichte Stück für Stück zu rekonstruieren, in Erinnerung zu rufen und zu erzählen.</p>
<p><em>Austerlitz</em> erschien 2001 und war das letzte Buch von Sebald, der am 14. Mai in Wertach im Allgäu geboren wurde, 1966 nach England emigrierte, wo er 1967 seine Freundin aus der Schulzeit heiratete und 1988 nach einer akademischen Karriere schließlich Professor für Neuere Deutsche Literatur an der <em>University of East Anglia</em> in Norfolk wurde. Sebald starb am 14. Dezember 2001, nachdem er bei einer Autofahrt einen Herzinfarkt erlitten hatte.</p>
<p>2015 kam Austerlitz auf Platz 14 der <a href="https://de.wikipedia.org/wiki/BBC-Auswahl_der_20_besten_Romane_von_2000_bis_2014">BBC-Rangliste der 20 besten Romane, die zwischen 2000 und 2014 erschienen sind</a>.</p>
<p><img loading="lazy" decoding="async" class="alignnone size-full wp-image-2652" src="https://johannes-fischer.net/blog/wp-content/uploads/2018/12/sebald-austerlitz.jpg" sizes="(max-width: 317px) 100vw, 317px" srcset="https://johannes-fischer.net/blog/wp-content/uploads/2018/12/sebald-austerlitz.jpg 317w, https://johannes-fischer.net/blog/wp-content/uploads/2018/12/sebald-austerlitz-190x300.jpg 190w" alt="" width="317" height="500" /><br />
W. G. Sebald, <em>Austerlitz</em>, <a href="https://www.hanser.de/">Hanser</a> 2001</p>
<ul>
<li><em><strong>Zur Orientierung&#8230;</strong></em>
<p>Dieser Artikel ist Teil eines Quiz&#8217; mit/über Romananfänge. 24 Romananfänge werden vorgestellt, wer will, kann versuchen, Titel und Autor/Autorin des Romans zu erraten. Die Links führen entweder direkt zum nächsten Romananfang oder zu anderen Romananfängen.</p>
<ul>
<li>Weiter zu <a href="https://johannes-fischer.net/blog/romananfang-6/">Romananfang 6</a></li>
<li><a href="https://johannes-fischer.net/blog/literaturquiz-romananfaenge-einleitung/">Literaturquiz Romananfänge &#8211; Von Anfang an&#8230;</a></li>
<li><a href="https://johannes-fischer.net/blog/romananfang-1/">Romananfang 1</a></li>
<li><a href="https://johannes-fischer.net/blog/romananfang-2/">Romananfang 2</a></li>
<li><a href="https://johannes-fischer.net/blog/romananfang-3/">Romananfang 3</a></li>
<li><a href="https://johannes-fischer.net/blog/romananfang-4/">Romananfang 4</a></li>
<li><a href="https://johannes-fischer.net/blog/romananfang-5/">Romananfang 5</a></li>
<li><a href="https://johannes-fischer.net/blog/romananfang-6/">Romananfang 6</a></li>
<li><a href="https://johannes-fischer.net/blog/romananfang-7/">Romananfang 7</a></li>
<li><a href="https://johannes-fischer.net/blog/romananfang-8/">Romananfang 8</a></li>
<li><a href="https://johannes-fischer.net/blog/romananfang-9/">Romananfang 9</a></li>
<li><a href="https://johannes-fischer.net/blog/romananfang-10">Romananfang 10</a></li>
<li><a href="https://johannes-fischer.net/blog/romananfang-11/">Romananfang 11</a></li>
<li><a href="https://johannes-fischer.net/blog/romananfang-12/">Romananfang 12</a></li>
<li><a href="https://johannes-fischer.net/blog/romananfang-13/">Romananfang 13</a></li>
<li><a href="https://johannes-fischer.net/blog/romananfang-14">Romananfang 14</a></li>
<li><a href="https://johannes-fischer.net/blog/romananfang-15">Romananfang 15</a></li>
<li><a href="https://johannes-fischer.net/blog/romananfang-16/">Romananfang 16</a></li>
<li><a href="https://johannes-fischer.net/blog/romananfang-17/">Romananfang 17</a></li>
<li><a href="https://johannes-fischer.net/blog/romananfang-18/">Romananfang 18</a></li>
<li><a href="https://johannes-fischer.net/blog/romananfang-19/">Romananfang 19</a></li>
<li><a href="https://johannes-fischer.net/blog/romananfang-20/">Romananfang 20</a></li>
<li><a href="https://johannes-fischer.net/blog/romananfang-21/">Romananfang 21</a></li>
<li><a href="https://johannes-fischer.net/blog/romananfang-22/">Romananfang 22</a></li>
<li><a href="https://johannes-fischer.net/blog/romananfang-23/">Romananfang 23</a></li>
<li><a href="https://johannes-fischer.net/blog/romananfang-24/">Romananfang 24</a></li>
</ul>
</li>
</ul>
<div class='sfsi_Sicons' style='width: 100%; display: inline-block; vertical-align: middle; text-align:left'><div style='margin:0px 8px 0px 0px; line-height: 24px'><span></span></div><div class='sfsi_socialwpr'><div class='sf_subscrbe' style='text-align:left;vertical-align: middle;float:left;width:64px'><a href="http://www.specificfeeds.com/widgets/emailSubscribeEncFeed/Q0FJU2IrL21rdElzb0J1Mnd4UWp5M2JZMHQ5YXBNTW01ZnhPcUtDWnpWVFVEcEgvdGwvUHQ3R2lnWTEyVjh2WmFlaE1KbEw2YnBuZ3hRMFFqNEZoQWgyNFlqRGZydzNJZEFYS3VPMjhCZVNHbFNuNU5qbXI1OGNjeW8zb1dXVlh8aDdxZGtDYTZTaTNPNTZZcENLZXhwbkF0bTlJWFpwWitxQTAwdHRkU3VOdz0=/OA==/" target="_blank"><img decoding="async" src="https://johannes-fischer.net/blog/wp-content/plugins/ultimate-social-media-icons/images/follow_subscribe.png" alt="error" /></a></div><div class='sf_fb' style='text-align:left;vertical-align: middle;width:98px'><div class="fb-like" data-href="https://johannes-fischer.net/blog/romananfang-5-w-g-sebald-austerlitz/" data-width="180" data-send="false" data-show-faces="false"  data-action="like" data-share="true"data-layout="button" ></div></div><div class='sf_twiter' style='text-align:left;float:left;vertical-align: middle;width:auto'><a href="http://twitter.com/share" data-count="none" class="sr-twitter-button twitter-share-button" lang="en" data-url="https://johannes-fischer.net/blog/romananfang-5-w-g-sebald-austerlitz/" data-text="Romananfang 5 – W.G. Sebald, &#8220;Austerlitz&#8221;" ></a></div></div></div>

<p>Austerlitz von W.G. Sebald erzählt die Lebensgeschichte des fiktiven Kunstwissenschaftlers Jacques Austerlitz, und er erzählt, wie der Titelheld seine Lebensgeschichte erzählt und erforscht. Wie Geschichte geschrieben und erinnert wird ist&hellip; </p>
