{"id":19,"date":"2013-03-13T21:15:52","date_gmt":"2013-03-13T21:15:52","guid":{"rendered":"http:\/\/johannes-fischer.net\/blog\/?page_id=19"},"modified":"2015-03-03T19:14:00","modified_gmt":"2015-03-03T18:14:00","slug":"uber-mich","status":"publish","type":"page","link":"https:\/\/johannes-fischer.net\/blog\/uber-mich\/","title":{"rendered":"\u00dcber mich"},"content":{"rendered":"<p>B\u00fccher, Filme und Schach haben mich mein Leben lang fasziniert. Lesen konnte ich mit sechs, Schach gelernt habe ich mit neun, wann ich das erste Mal im Kino war, wei\u00df ich nicht mehr. Aber den Film erinnere ich noch: <em>Das Dschungelbuch<\/em>, in der Disney-Zeichentrickfassung von 1967, Regie Wolfgang Reitherman.<\/p>\n<p>Als Jugendlicher habe ich auch viel und halbwegs erfolgreich Schach gespielt, heute schreibe ich vor allem \u00fcber Schach. Im <a href=\"http:\/\/www.karlonline.org\/home.htm\" target=\"_blank\">KARL<\/a>, bei <a href=\"http:\/\/www.chessbase.de\/\" target=\"_blank\">ChessBase<\/a>, f\u00fcr die <a href=\"http:\/\/blog.zeit.de\/schach\/\" target=\"_blank\">ZEIT<\/a>, den <em>Schachkalender<\/em> und nat\u00fcrlich in diesem Blog.<\/p>\n<p>Ich bin 1963 in Hamburg geboren und nach Abitur und Zivildienst nach Frankfurt am Main gezogen, wo ich Literaturwissenschaft studiert habe: Anglistik, Germanistik und Romanistik, Schwerpunkt Anglistik. Schon bald habe ich mich im Studium auf die Literatur der L\u00e4nder des ehemaligen britischen Empires konzentriert, die so genannte \u201epostkoloniale Literatur\u201c. Besonders angetan war ich von s\u00fcdafrikanischer, neuseel\u00e4ndischer und australischer Literatur. Englische, amerikanische und Literatur dieser L\u00e4nder interessiert mich immer noch, wie auch Krimis, Biographien, Autobiographien und gut erz\u00e4hlte Geschichten aller Art, egal, aus welcher Zeit, welchem Land oder welcher Kultur sie stammen.<\/p>\n<p>Nach dem Studium in Frankfurt hat es mich nach Leipzig gezogen, sp\u00e4ter dann nach N\u00fcrnberg. Geblieben ist jedoch meine Begeisterung f\u00fcr Text, Literatur und Sprache und so arbeite ich heute in N\u00fcrnberg als <a href=\"http:\/\/www.textkontorfischer.de\/\">Redakteur, Lektor, \u00dcbersetzer und Autor<\/a>.<\/p>\n<p>Kontakt: <a href=\"mailto:johannes@johannes-fischer.net\">johannes@johannes-fischer.net<\/a><\/p>\n<div class='sfsi_Sicons' style='width: 100%; display: inline-block; vertical-align: middle; text-align:left'><div style='margin:0px 8px 0px 0px; line-height: 24px'><span><\/span><\/div><div class='sfsi_socialwpr'><div class='sf_subscrbe' style='text-align:left;vertical-align: middle;float:left;width:64px'><a href=\"http:\/\/www.specificfeeds.com\/widgets\/emailSubscribeEncFeed\/Q0FJU2IrL21rdElzb0J1Mnd4UWp5M2JZMHQ5YXBNTW01ZnhPcUtDWnpWVFVEcEgvdGwvUHQ3R2lnWTEyVjh2WmFlaE1KbEw2YnBuZ3hRMFFqNEZoQWgyNFlqRGZydzNJZEFYS3VPMjhCZVNHbFNuNU5qbXI1OGNjeW8zb1dXVlh8aDdxZGtDYTZTaTNPNTZZcENLZXhwbkF0bTlJWFpwWitxQTAwdHRkU3VOdz0=\/OA==\/\" target=\"_blank\"><img decoding=\"async\" src=\"https:\/\/johannes-fischer.net\/blog\/wp-content\/plugins\/ultimate-social-media-icons\/images\/follow_subscribe.png\" alt=\"error\" \/><\/a><\/div><div class='sf_fb' style='text-align:left;vertical-align: middle;width:98px'><div class=\"fb-like\" data-href=\"https:\/\/johannes-fischer.net\/blog\/uber-mich\/\" data-width=\"180\" data-send=\"false\" data-show-faces=\"false\"  data-action=\"like\" data-share=\"true\"data-layout=\"button\" ><\/div><\/div><div class='sf_twiter' style='text-align:left;float:left;vertical-align: middle;width:auto'><a href=\"http:\/\/twitter.com\/share\" data-count=\"none\" class=\"sr-twitter-button twitter-share-button\" lang=\"en\" data-url=\"https:\/\/johannes-fischer.net\/blog\/uber-mich\/\" data-text=\"\u00dcber mich\" ><\/a><\/div><\/div><\/div>","protected":false},"excerpt":{"rendered":"<p>B\u00fccher, Filme und Schach haben mich mein Leben lang fasziniert. Lesen konnte ich mit sechs, Schach gelernt habe ich mit neun, wann ich das erste Mal im Kino war, wei\u00df&hellip; <\/p>\n","protected":false},"author":1,"featured_media":0,"parent":0,"menu_order":0,"comment_status":"closed","ping_status":"closed","template":"","meta":{"footnotes":""},"_links":{"self":[{"href":"https:\/\/johannes-fischer.net\/blog\/wp-json\/wp\/v2\/pages\/19"}],"collection":[{"href":"https:\/\/johannes-fischer.net\/blog\/wp-json\/wp\/v2\/pages"}],"about":[{"href":"https:\/\/johannes-fischer.net\/blog\/wp-json\/wp\/v2\/types\/page"}],"author":[{"embeddable":true,"href":"https:\/\/johannes-fischer.net\/blog\/wp-json\/wp\/v2\/users\/1"}],"replies":[{"embeddable":true,"href":"https:\/\/johannes-fischer.net\/blog\/wp-json\/wp\/v2\/comments?post=19"}],"version-history":[{"count":21,"href":"https:\/\/johannes-fischer.net\/blog\/wp-json\/wp\/v2\/pages\/19\/revisions"}],"predecessor-version":[{"id":1447,"href":"https:\/\/johannes-fischer.net\/blog\/wp-json\/wp\/v2\/pages\/19\/revisions\/1447"}],"wp:attachment":[{"href":"https:\/\/johannes-fischer.net\/blog\/wp-json\/wp\/v2\/media?parent=19"}],"curies":[{"name":"wp","href":"https:\/\/api.w.org\/{rel}","templated":true}]}}